d by 414?
91
Calculate the remainder when 6674 is divided by 420.
374
Calculate the remainder when 88534 is divided by 253.
237
What is the remainder when 543956 is divided by 211?
209
Calculate the remainder when 2514 is divided by 156.
18
Calculate the remainder when 12250 is divided by 2011.
184
Calculate the remainder when 39545 is divided by 116.
105
What is the remainder when 2621009 is divided by 70?
69
Calculate the remainder when 2063 is divided by 203.
33
What is the remainder when 10761 is divided by 5160?
441
Calculate the remainder when 612 is divided by 549.
63
Calculate the remainder when 56279 is divided by 62.
45
Calculate the remainder when 5713 is divided by 135.
43
What is the remainder when 13310 is divided by 273?
206
Calculate the remainder when 170675 is divided by 431.
430
What is the remainder when 376956 is divided by 19?
15
Calculate the remainder when 25474 is divided by 307.
300
What is the remainder when 205438 is divided by 34238?
10
Calculate the remainder when 903 is divided by 392.
119
What is the remainder when 186162 is divided by 1708?
1698
Calculate the remainder when 2322935 is divided by 63.
62
What is the remainder when 8561 is divided by 191?
157
Calculate the remainder when 1018 is divided by 368.
282
Calculate the remainder when 55116 is divided by 18151.
663
Calculate the remainder when 25872 is divided by 7.
0
What is the remainder when 31238 is divided by 662?
124
What is the remainder when 576047 is divided by 43?
19
Calculate the remainder when 284352 is divided by 94.
2
What is the remainder when 21634 is divided by 1333?
306
Calculate the remainder when 355046 is divided by 280.
6
Calculate the remainder when 3073 is divided by 604.
53
Calculate the remainder when 11653 is divided by 705.
373
What is the remainder when 31989 is divided by 1067?
1046
Calculate the remainder when 26592 is divided by 142.
38
What is the remainder when 318134 is divided by 106017?
83
Calculate the remainder when 1426781 is divided by 19.
14
What is the remainder when 139697 is divided by 335?
2
Calculate the remainder when 24494 is divided by 23.
22
What is the remainder when 15560 is divided by 1099?
174
Calculate the remainder when 4275 is divided by 1189.
708
Calculate the remainder when 3730 is divided by 972.
814
Calculate the remainder when 16942 is divided by 76.
70
What is the remainder when 58405 is divided by 1243?
1227
What is the remainder when 19519 is divided by 2347?
743
What is the remainder when 2347 is divided by 168?
163
What is the remainder when 19316 is divided by 9652?
12
Calculate the remainder when 5607 is divided by 5283.
324
Calculate the remainder when 4261 is divided by 124.
45
What is the remainder when 19011 is divided by 91?
83
What is the remainder when 2010009 is divided by 355?
354
Calculate the remainder when 3356 is divided by 282.
254
Calculate the remainder when 312258 is divided by 94.
84
What is the remainder when 193022 is divided by 256?
254
Calculate the remainder when 732 is divided by 495.
237
Calculate the remainder when 24246 is divided by 2670.
216
Calculate the remainder when 44145 is divided by 102.
81
Calculate the remainder when 206907 is divided by 346.
345
What is the remainder when 87835 is divided by 72?
67
Calculate the remainder when 3247 is divided by 1082.
1
What is the remainder when 29763 is divided by 10?
3
What is the remainder when 2231 is divided by 41?
17
What is the remainder when 80135 is divided by 35?
20
Calculate the remainder when 308641 is divided by 47.
39
Calculate the remainder when 277709 is divided by 138845.
19
What is the remainder when 889 is divided by 886?
3
Calculate the remainder when 41817 is divided by 615.
612
What is the remainder when 4708 is divided by 907?
173
What is the remainder when 189912 is divided by 189894?
18
Calculate the remainder when 1148 is divided by 1113.
35
What is the remainder when 224289 is divided by 458?
327
What is the remainder when 114579 is divided by 170?
169
What is the remainder when 954 is divided by 15?
9
What is the remainder when 3617 is divided by 120?
17
Calculate the remainder when 42430 is divided by 9.
4
Calculate the remainder when 4957841 is divided by 47.
46
Calculate the remainder when 2188 is divided by 340.
148
Calculate the remainder when 888 is divided by 871.
17
Calculate the remainder when 2647 is divided by 45.
37
What is the remainder when 356193 is divided by 126?
117
What is the remainder when 1866 is divided by 959?
907
Calculate the remainder when 9047 is divided by 357.
122
Calculate the remainder when 3537 is divided by 177.
174
Calculate the remainder when 30452 is divided by 151.
101
Calculate the remainder when 287537 is divided by 48.
17
What is the remainder when 11664 is divided by 2041?
1459
Calculate the remainder when 173185 is divided by 4556.
57
Calculate the remainder when 458 is divided by 56.
10
Calculate the remainder when 35300 is divided by 17647.
6
Calculate the remainder when 2716 is divided by 39.
25
What is the remainder when 37345 is divided by 50?
45
Calculate the remainder when 78885 is divided by 3427.
64
Calculate the remainder when 122614 is divided by 137.
136
Calculate the remainder when 899 is divided by 535.
364
What is the remainder when 5572 is divided by 124?
116
Calculate the remainder when 90214 is divided by 2651.
80
What is the remainder when 267523 is divided by 363?
355
What is the remainder when 112191 is divided by 542?
539
Calculate the remainder when 8758 is divided by 4369.
20
What is the remainder when 33906 is divided by 2577?
405
What is the remainder when 486069 is divided by 65?
64
Calculate the remainder when 1250 is divided by 1185.
65
What is the remainder when 4570 is divided by 61?
56
Calculate the remainder when 11494 is divided by 20.
14
Calculate the remainder when 36455 is divided by 54.
5
Calculate the remainder when 534303 is divided by 93.
18
What is the remainder when 636 is divided by 197?
45
Calculate the remainder when 36900 is divided by 57.
21
Calculate the remainder when 5127 is divided by 846.
51
What is the remainder when 1478 is divided by 1098?
380
What is the remainder when 1753 is divided by 359?
317
What is the remainder when 156965 is divided by 2616?
5
What is the remainder when 171037 is divided by 200?
37
What is the remainder when 889 is divided by 56?
49
Calculate the remainder when 6215 is divided by 618.
35
What is the remainder when 21304 is divided by 1334?
1294
What is the remainder when 1244 is divided by 1244?
0
What is the remainder when 186512 is divided by 511?
508
Calculate the remainder when 23442 is divided by 22995.
447
Calculate the remainder when 1494896 is divided by 18.
14
What is the remainder when 101936 is divided by 77?
65
Calculate the remainder when 14008 is divided by 351.
319
Calculate the remainder when 20629 is divided by 4.
1
What is the remainder when 1632 is divided by 19?
17
What is the remainder when 34710 is divided by 11565?
15
What is the remainder when 49237 is divided by 40?
37
Calculate the remainder when 14610 is divided by 27.
3
Calculate the remainder when 11153 is divided by 45.
38
Calculate the remainder when 21375 is divided by 10673.
29
Calculate the remainder when 599 is divided by 115.
24
Calculate the remainder when 85902 is divided by 8581.
92
Calculate the remainder when 10932 is divided by 1356.
84
What is the remainder when 23401 is divided by 7715?
256
Calculate the remainder when 172931 is divided by 49.
10
Calculate the remainder when 8425 is divided by 104.
1
What is the remainder when 46190 is divided by 606?
134
What is the remainder when 966 is divided by 53?
12
What is the remainder when 1415978 is divided by 830?
828
Calculate the remainder when 24424 is divided by 10.
4
Calculate the remainder when 14277 is divided by 56.
53
What is the remainder when 17044 is divided by 34?
10
What is the remainder when 18335 is divided by 1833?
5
Calculate the remainder when 1351 is divided by 261.
46
What is the remainder when 4397 is divided by 724?
53
Calculate the remainder when 23316 is divided by 11647.
22
What is the remainder when 14196 is divided by 444?
432
Calculate the remainder when 3970 is divided by 431.
91
Calculate t